6 = -n. What is the units digit of i?
8
Let r be (15/(-10))/(6/8). Let y(x) = -x**2 - 4*x - 3. What is the units digit of y(r)?
1
Suppose -o - 1 = 0, 0*w - 3*o + 2 = w. Let i = 10 - 6. Let p = w - i. What is the units digit of p?
1
Suppose 0*l = -4*l. Suppose -3*p - 2*h + 53 = l, 50 = 2*p + 2*h + 3*h. What is the tens digit of p?
1
Let p(o) = -3*o**2 - 3 - o**3 - 5*o - 4*o**2 + 0*o**2. Let q be p(-7). Suppose 0 = -4*v + 4 + q. What is the units digit of v?
9
Let p(i) = -9*i + 7. Let k(f) = -17*f + 13. Let v(d) = -6*k(d) + 11*p(d). What is the tens digit of v(4)?
1
Let o = -24 + 27. Let q(v) = -2*v**3 - 4*v**2 - 2*v. Let a be q(-2). Suppose -a*f + 63 = o*y, 0*f - 2*f - 28 = -2*y. What is the units digit of y?
7
What is the tens digit of (-15)/(-3) + 260 - -3?
6
Suppose -3*w - 11 = 5*t, 0 = 5*w - w + 2*t - 4. Suppose -75 = -w*i - 4*l - 19, 0 = -i + 5*l - 13. What is the units digit of i?
2
Let q(b) = b - 4. Let g be q(4). Suppose -2*h - h - 24 = g. Let i = -5 - h. What is the units digit of i?
3
Suppose 0 = -q - 4 + 18. What is the tens digit of q?
1
Suppose -4*x = 5*y - 480 + 7, -y + 485 = 4*x. What is the tens digit of x?
2
Let p be (4 + -1 - 3)/(-2). Suppose 6*m - 3*m - 19 = -5*t, p = m - 5*t - 13. What is the units digit of m?
8
Let a = -5 - -17. Suppose 0 = 4*t - s - 9, -a = -2*t - s - 3. What is the units digit of t?
3
Let z(o) = -o + 6. What is the units digit of z(3)?
3
Suppose -2*n + 4*n = 12. Let q = n + -20. Let l = -9 - q. What is the units digit of l?
5
Suppose -3*m + 2*b + 136 = 0, -3*m - 24 = -4*b - 158. What is the units digit of m?
6
Let u(v) be the first derivative of v**3/3 - 3*v**2/2 - v + 1. Let w(b) = b + 1. Let f be w(3). What is the units digit of u(f)?
3
Suppose 0 = -j - 4*t + 19, -3*j + 5*j = -4*t + 22. Suppose 41 = -3*l + 7*l - 5*v, 0 = j*l + 4*v - 23. What is the units digit of l?
9
Let d = 16 - 5. Suppose 5*i - 26 = -d. What is the units digit of i?
3
Let t(c) = 298*c**2 + 2*c + 2. What is the hundreds digit of t(-1)?
2
Let q(k) = -10*k + 55. What is the hundreds digit of q(-15)?
2
Suppose 5*s = s + 28. Let p(o) = -o + 7. Let v be p(s). Suppose 3*h - 2*h - 8 = -w, 4*h + 8 = v. What is the units digit of w?
0
Let u(x) = 73*x**3 - x**2 + x - 1. What is the units digit of u(1)?
2
Let z(f) = -f**3 - f**2 + f. Let a(m) = -2*m**3 - 15*m**2 + 17*m - 15. Let o(j) = a(j) - 3*z(j). What is the units digit of o(11)?
8
Let k = -170 - -412. What is the tens digit of k?
4
Let h(b) be the first derivative of 4*b**3/3 + b**2/2 + 2. What is the units digit of h(1)?
5
What is the tens digit of ((-108)/4)/((-12)/8)?
1
Let j be (-12)/(-5) + (-2)/5. Suppose j*n - 10 + 0 = 0, n + 1 = 2*y. Suppose 0 = 5*v + 2*w - 63, -5*v + 0*v = -y*w - 43. What is the units digit of v?
1
Let i be 2*(9/6 + -1). Let k be (-64)/(-10) + (-2)/5. Let p = k - i. What is the units digit of p?
5
Suppose 24 = -y + 2*y. Let s be (0 - y)/(4/(-6)). Suppose -s = -5*g + g. What is the units digit of g?
9
Let l be 10/(-1 + (3 - 0)). Suppose l*f = j + 5, 5*f - 2*j - 3 = 2*f. What is the units digit of f?
1
Let z = 52 - 27. What is the units digit of z?
5
Let k = 14 - -89. What is the tens digit of k?
0
Let s be -2 - 1/((-3)/366). Suppose f + s = -2*f. What is the units digit of f/(-25)*5/2?
4
Let k(v) = v**3 + 6*v**2 - 8*v + 1. Let o be k(-7). Suppose 4*l - 7 = 5*x, -3*l + 3*x + 14 = o*x. Suppose -n + l = -0. What is the units digit of n?
3
What is the units digit of -31*6*17/(-51)?
2
Let k be 62*(-4)/(-8)*3. Suppose -4*y = -y - k. What is the units digit of y?
1
Let r(g) = -3 - 2*g + 2*g + g. Let u be r(3). Suppose -n = -8 - u. What is the units digit of n?
8
Suppose -5 = m - 2*m, 3*b = m + 1. What is the units digit of b?
2
Let r = 157 - 29. Suppose j + 3*j - r = 0. What is the tens digit of j?
3
Let h(s) = -s**3 + 4*s**2 + 5*s. Let w be (-6)/(-4)*(-112)/(-42). What is the units digit of h(w)?
0
Suppose 5*t - 660 = -4*l, -46 = -l + 4*t + 119. What is the units digit of l?
5
Let o be (-4)/10 + 47/5. Let z = -18 + o. What is the tens digit of 2/(-6) - 93/z?
1
Let q be 1 - 1/(2/2). Let v(p) = p**2 - p + 5. Let i be v(q). Suppose 0 = -0*h + i*h - 15. What is the units digit of h?
3
Let w(i) be the third derivative of i**4/24 - i**3/3 - 4*i**2. Let h be w(4). Suppose -4 = -h*v + 6. What is the units digit of v?
5
Suppose 3 = 3*t, -2*t = 5*f - 3*t - 114. What is the units digit of f?
3
Let t = -5 + 1. Let w be (-2)/t*(4 + -4). Suppose 4*a - 8 = -w. What is the units digit of a?
2
Let r = -4 + 10. Let c(v) = v + 1. Let g be c(3). What is the units digit of (-5 - g)/(r/(-4))?
6
What is the hundreds digit of 1 + (-908)/(-8) - 2/(-4)?
1
Let v(h) = h**2 - 6*h + 4. Let b = -6 - -1. Let w be (-1 + 0)*(b + -1). What is the units digit of v(w)?
4
Let z(g) = g + 4. Let o be z(0). Let i = o + -2. What is the units digit of i?
2
Suppose -5*m + 10 = -5. Suppose k = -o + 4, -3*o + 2 = -4*k - m. What is the units digit of k?
1
Let u be (1 - (2 - 2))*3. Suppose m + 5*y - 17 = 0, -u*m - m = 2*y - 140. Suppose -5*b - m = -3*k - 12, 4*k - 37 = 3*b. What is the units digit of k?
0
Suppose 2 = 4*c - 6. Suppose -5*s = 5*p, -5*p - 4*s = -4 + 1. Suppose -p*k = -3*z + 6, -1 = c*k + 3*z - 4*z. What is the units digit of k?
1
Let j = 151 - 90. Suppose -15 = -3*c - 3*v, 4*v + 0*v + j = 5*c. What is the units digit of c?
9
Suppose -4*m + n = -157, -3*n + 129 = 2*m + m. What is the units digit of m?
0
Let z(b) be the first derivative of b**7/840 + b**6/40 - b**5/120 - b**3 - 1. Let k(y) be the third derivative of z(y). What is the units digit of k(-9)?
9
Let h = -4 + 13. Let i = h + -7. What is the units digit of i?
2
Let u = -15 - -25. Let r = u - 6. Suppose r*z + 14 = 2*b, -17 = 5*b + 5*z - 67. What is the units digit of b?
9
Let f(b) be the third derivative of b**4/8 - b**3/2 + 4*b**2. What is the units digit of f(7)?
8
Let k = 13 + -7. Let o = k + -1. What is the units digit of o?
5
Let q(v) = -v - 8. Let b be q(-4). Let a be 30/(-4)*b/6. Suppose -m = -0*m - a. What is the units digit of m?
5
What is the tens digit of (0 - -14)*308/56?
7
Suppose -p - 3*p = -16. Suppose -6*n = -2*n - p. Let r = n - -1. What is the units digit of r?
2
Let q(u) = -u**2 - 6*u + 6. Let c = 3 + -9. What is the units digit of q(c)?
6
Let z(b) = b**3 + b**2 - b - 3. Let v be z(3). Let u = v + 19. What is the units digit of u?
9
Let s = 4 - -12. Suppose -4*n = -2*a - s, -5*a - 8 = -3*n + n. What is the units digit of n?
4
Let y be ((-6)/(-15))/(1/15). Suppose -y*m + 3*m = 18. What is the tens digit of (4/6)/(m/(-153))?
1
What is the units digit of 53/5 + (-44)/(-110)?
1
What is the hundreds digit of 133 + (1 - (-3 - -1))?
1
Let g(o) = 57*o + 2. What is the units digit of g(1)?
9
Let z(a) = a + 7. Suppose 7*w = -i + 2*w + 10, 4*i - 4*w = -32. What is the units digit of z(i)?
2
Let x = -9 + 37. What is the tens digit of x?
2
Suppose 0 = -3*c + n + 781, 0 = -6*c + 2*c - 4*n + 1068. What is the units digit of c?
2
Let h = -413 - -728. What is the hundreds digit of h?
3
Let x be 3*1 + (-6 - 0). Let o = 4 + x. What is the units digit of (o + 2)*5/3?
5
Suppose -4*n - 4*d + 80 = -0*n, -4 = 4*d. What is the tens digit of n?
2
Suppose r + 24 = -2*r. Let m = 55 + -39. Let f = m + r. What is the units digit of f?
8
Suppose 0 = m - 5*m + 48. What is the units digit of m?
2
Let u = 63 + -44. What is the units digit of (-2)/6*-3 + u?
0
Let r(w) be the first derivative of w**4/4 - 4*w**3/3 + w**2 + 2*w + 2. What is the units digit of r(4)?
0
Let g(r) = -r**3 - 5*r**2 - 4*r - 5. Let s be -1 + 3 + (0 - 7). What is the tens digit of g(s)?
1
Let z(w) = -w**2 + 14*w - 9. What is the units digit of z(9)?
6
What is the units digit of (-1568)/(-9) - (-6)/(-27)?
4
Suppose 4*l = 500 - 4. Suppose 3*m - l = -m. What is the tens digit of m?
3
Let x(t) = -t**3 + 12*t**2 + 15*t - 5. What is the tens digit of x(13)?
2
Suppose -1 = 2*j - 3*l - 19, 0 = j + 3*l. Let n be (2 + -7 - -3) + j. What is the units digit of ((-14)/(-4))/(2/n)?
7
Let b(n) = -n - 7. Let r be b(-7). Suppose -i + 35 = -r*o - 3*o, -70 = -2*i + 3*o. What is the tens digit of i?
3
Let a be (2 + -1)*(64 - 1). Suppose -2*r + 5*p = -a, 3*r = 2*r + 2*p + 31. What is the units digit of r?
9
Let z(p) = -2*p - 11. Let j be z(-8). Let s = j - 2. Suppose v = -6*b + 3*b + 24, s*v - 9 = -2*b. What 